{"id":172,"date":"2016-12-20T13:05:11","date_gmt":"2016-12-20T12:05:11","guid":{"rendered":"http:\/\/leadertic.ddns.net\/emicom\/?page_id=172"},"modified":"2024-05-28T15:51:49","modified_gmt":"2024-05-28T13:51:49","slug":"catalogues","status":"publish","type":"page","link":"https:\/\/www.emicom-mali.com\/web\/catalogues\/","title":{"rendered":"Documents utiles"},"content":{"rendered":"<p>Retrouvez ici nos diff\u00e9rents catalogues en t\u00e9l\u00e9chargement libre.<\/p>\n<p><a class=\"dt-pswp-item\" href=\"https:\/\/www.emicom-mali.com\/web\/wp-content\/uploads\/2024\/05\/LOGO_v2.png\" data-dt-img-description=\"\" data-large_image_width=\"3508\" data-large_image_height=\"973\"><img loading=\"lazy\" decoding=\"async\" class=\"size-medium wp-image-808 alignleft\" src=\"https:\/\/www.emicom-mali.com\/web\/wp-content\/uploads\/2024\/05\/LOGO_v2-300x83.png\" alt=\"\" width=\"300\" height=\"83\" srcset=\"https:\/\/www.emicom-mali.com\/web\/wp-content\/uploads\/2024\/05\/LOGO_v2-300x83.png 300w, https:\/\/www.emicom-mali.com\/web\/wp-content\/uploads\/2024\/05\/LOGO_v2-1024x284.png 1024w, https:\/\/www.emicom-mali.com\/web\/wp-content\/uploads\/2024\/05\/LOGO_v2-768x213.png 768w, https:\/\/www.emicom-mali.com\/web\/wp-content\/uploads\/2024\/05\/LOGO_v2-1536x426.png 1536w, https:\/\/www.emicom-mali.com\/web\/wp-content\/uploads\/2024\/05\/LOGO_v2-2048x568.png 2048w\" sizes=\"(max-width: 300px) 100vw, 300px\" \/><\/a><\/p>\n","protected":false},"excerpt":{"rendered":"<p>Retrouvez ici nos diff\u00e9rents catalogues en t\u00e9l\u00e9chargement libre.<\/p>\n","protected":false},"author":1,"featured_media":0,"parent":0,"menu_order":0,"comment_status":"closed","ping_status":"closed","template":"","meta":[],"yoast_head":"<!-- This site is optimized with the Yoast SEO plugin v23.0 - https:\/\/yoast.com\/wordpress\/plugins\/seo\/ -->\n<title>Catalogues et documents utiles - EMICOM MALI<\/title>\n<meta name=\"description\" content=\"Retrouvez nos catalogues et ceux de nos partenaires strat\u00e9giques d\u00e9crivant techniquement nos offres en energies solaires.\" \/>\n<meta name=\"robots\" content=\"index, follow, max-snippet:-1, max-image-preview:large, max-video-preview:-1\" \/>\n<link rel=\"canonical\" href=\"https:\/\/www.emicom-mali.com\/web\/catalogues\/\" \/>\n<meta property=\"og:locale\" content=\"fr_FR\" \/>\n<meta property=\"og:type\" content=\"article\" \/>\n<meta property=\"og:title\" content=\"Catalogues et documents utiles - EMICOM MALI\" \/>\n<meta property=\"og:description\" content=\"Retrouvez nos catalogues et ceux de nos partenaires strat\u00e9giques d\u00e9crivant techniquement nos offres en energies solaires.\" \/>\n<meta property=\"og:url\" content=\"https:\/\/www.emicom-mali.com\/web\/catalogues\/\" \/>\n<meta property=\"og:site_name\" content=\"EMICOM MALI\" \/>\n<meta property=\"article:publisher\" content=\"https:\/\/www.facebook.com\/Emicom-220426265073528\" \/>\n<meta property=\"article:modified_time\" content=\"2024-05-28T13:51:49+00:00\" \/>\n<meta property=\"og:image\" content=\"https:\/\/www.emicom-mali.com\/web\/wp-content\/uploads\/2024\/05\/LOGO_v2-300x83.png\" \/>\n<meta name=\"twitter:card\" content=\"summary_large_image\" \/>\n<meta name=\"twitter:label1\" content=\"Dur\u00e9e de lecture estim\u00e9e\" \/>\n\t<meta name=\"twitter:data1\" content=\"1 minute\" \/>\n<script type=\"application\/ld+json\" class=\"yoast-schema-graph\">{\"@context\":\"https:\/\/schema.org\",\"@graph\":[{\"@type\":\"WebPage\",\"@id\":\"https:\/\/www.emicom-mali.com\/web\/catalogues\/\",\"url\":\"https:\/\/www.emicom-mali.com\/web\/catalogues\/\",\"name\":\"Catalogues et documents utiles - EMICOM MALI\",\"isPartOf\":{\"@id\":\"https:\/\/www.emicom-mali.com\/web\/#website\"},\"primaryImageOfPage\":{\"@id\":\"https:\/\/www.emicom-mali.com\/web\/catalogues\/#primaryimage\"},\"image\":{\"@id\":\"https:\/\/www.emicom-mali.com\/web\/catalogues\/#primaryimage\"},\"thumbnailUrl\":\"https:\/\/www.emicom-mali.com\/web\/wp-content\/uploads\/2024\/05\/LOGO_v2-300x83.png\",\"datePublished\":\"2016-12-20T12:05:11+00:00\",\"dateModified\":\"2024-05-28T13:51:49+00:00\",\"description\":\"Retrouvez nos catalogues et ceux de nos partenaires strat\u00e9giques d\u00e9crivant techniquement nos offres en energies solaires.\",\"breadcrumb\":{\"@id\":\"https:\/\/www.emicom-mali.com\/web\/catalogues\/#breadcrumb\"},\"inLanguage\":\"fr-FR\",\"potentialAction\":[{\"@type\":\"ReadAction\",\"target\":[\"https:\/\/www.emicom-mali.com\/web\/catalogues\/\"]}]},{\"@type\":\"ImageObject\",\"inLanguage\":\"fr-FR\",\"@id\":\"https:\/\/www.emicom-mali.com\/web\/catalogues\/#primaryimage\",\"url\":\"https:\/\/www.emicom-mali.com\/web\/wp-content\/uploads\/2024\/05\/LOGO_v2.png\",\"contentUrl\":\"https:\/\/www.emicom-mali.com\/web\/wp-content\/uploads\/2024\/05\/LOGO_v2.png\",\"width\":3508,\"height\":973},{\"@type\":\"BreadcrumbList\",\"@id\":\"https:\/\/www.emicom-mali.com\/web\/catalogues\/#breadcrumb\",\"itemListElement\":[{\"@type\":\"ListItem\",\"position\":1,\"name\":\"Accueil\",\"item\":\"https:\/\/www.emicom-mali.com\/web\/\"},{\"@type\":\"ListItem\",\"position\":2,\"name\":\"Documents utiles\"}]},{\"@type\":\"WebSite\",\"@id\":\"https:\/\/www.emicom-mali.com\/web\/#website\",\"url\":\"https:\/\/www.emicom-mali.com\/web\/\",\"name\":\"EMICOM MALI\",\"description\":\"En plus nous capturons le soleil\",\"publisher\":{\"@id\":\"https:\/\/www.emicom-mali.com\/web\/#organization\"},\"potentialAction\":[{\"@type\":\"SearchAction\",\"target\":{\"@type\":\"EntryPoint\",\"urlTemplate\":\"https:\/\/www.emicom-mali.com\/web\/?s={search_term_string}\"},\"query-input\":\"required name=search_term_string\"}],\"inLanguage\":\"fr-FR\"},{\"@type\":\"Organization\",\"@id\":\"https:\/\/www.emicom-mali.com\/web\/#organization\",\"name\":\"EMICOM MALI\",\"url\":\"https:\/\/www.emicom-mali.com\/web\/\",\"logo\":{\"@type\":\"ImageObject\",\"inLanguage\":\"fr-FR\",\"@id\":\"https:\/\/www.emicom-mali.com\/web\/#\/schema\/logo\/image\/\",\"url\":\"https:\/\/www.emicom-mali.com\/web\/wp-content\/uploads\/2016\/12\/logo-nom.png\",\"contentUrl\":\"https:\/\/www.emicom-mali.com\/web\/wp-content\/uploads\/2016\/12\/logo-nom.png\",\"width\":172,\"height\":105,\"caption\":\"EMICOM MALI\"},\"image\":{\"@id\":\"https:\/\/www.emicom-mali.com\/web\/#\/schema\/logo\/image\/\"},\"sameAs\":[\"https:\/\/www.facebook.com\/Emicom-220426265073528\"]}]}<\/script>\n<!-- \/ Yoast SEO plugin. -->","yoast_head_json":{"title":"Catalogues et documents utiles - EMICOM MALI","description":"Retrouvez nos catalogues et ceux de nos partenaires strat\u00e9giques d\u00e9crivant techniquement nos offres en energies solaires.","robots":{"index":"index","follow":"follow","max-snippet":"max-snippet:-1","max-image-preview":"max-image-preview:large","max-video-preview":"max-video-preview:-1"},"canonical":"https:\/\/www.emicom-mali.com\/web\/catalogues\/","og_locale":"fr_FR","og_type":"article","og_title":"Catalogues et documents utiles - EMICOM MALI","og_description":"Retrouvez nos catalogues et ceux de nos partenaires strat\u00e9giques d\u00e9crivant techniquement nos offres en energies solaires.","og_url":"https:\/\/www.emicom-mali.com\/web\/catalogues\/","og_site_name":"EMICOM MALI","article_publisher":"https:\/\/www.facebook.com\/Emicom-220426265073528","article_modified_time":"2024-05-28T13:51:49+00:00","og_image":[{"url":"https:\/\/www.emicom-mali.com\/web\/wp-content\/uploads\/2024\/05\/LOGO_v2-300x83.png"}],"twitter_card":"summary_large_image","twitter_misc":{"Dur\u00e9e de lecture estim\u00e9e":"1 minute"},"schema":{"@context":"https:\/\/schema.org","@graph":[{"@type":"WebPage","@id":"https:\/\/www.emicom-mali.com\/web\/catalogues\/","url":"https:\/\/www.emicom-mali.com\/web\/catalogues\/","name":"Catalogues et documents utiles - EMICOM MALI","isPartOf":{"@id":"https:\/\/www.emicom-mali.com\/web\/#website"},"primaryImageOfPage":{"@id":"https:\/\/www.emicom-mali.com\/web\/catalogues\/#primaryimage"},"image":{"@id":"https:\/\/www.emicom-mali.com\/web\/catalogues\/#primaryimage"},"thumbnailUrl":"https:\/\/www.emicom-mali.com\/web\/wp-content\/uploads\/2024\/05\/LOGO_v2-300x83.png","datePublished":"2016-12-20T12:05:11+00:00","dateModified":"2024-05-28T13:51:49+00:00","description":"Retrouvez nos catalogues et ceux de nos partenaires strat\u00e9giques d\u00e9crivant techniquement nos offres en energies solaires.","breadcrumb":{"@id":"https:\/\/www.emicom-mali.com\/web\/catalogues\/#breadcrumb"},"inLanguage":"fr-FR","potentialAction":[{"@type":"ReadAction","target":["https:\/\/www.emicom-mali.com\/web\/catalogues\/"]}]},{"@type":"ImageObject","inLanguage":"fr-FR","@id":"https:\/\/www.emicom-mali.com\/web\/catalogues\/#primaryimage","url":"https:\/\/www.emicom-mali.com\/web\/wp-content\/uploads\/2024\/05\/LOGO_v2.png","contentUrl":"https:\/\/www.emicom-mali.com\/web\/wp-content\/uploads\/2024\/05\/LOGO_v2.png","width":3508,"height":973},{"@type":"BreadcrumbList","@id":"https:\/\/www.emicom-mali.com\/web\/catalogues\/#breadcrumb","itemListElement":[{"@type":"ListItem","position":1,"name":"Accueil","item":"https:\/\/www.emicom-mali.com\/web\/"},{"@type":"ListItem","position":2,"name":"Documents utiles"}]},{"@type":"WebSite","@id":"https:\/\/www.emicom-mali.com\/web\/#website","url":"https:\/\/www.emicom-mali.com\/web\/","name":"EMICOM MALI","description":"En plus nous capturons le soleil","publisher":{"@id":"https:\/\/www.emicom-mali.com\/web\/#organization"},"potentialAction":[{"@type":"SearchAction","target":{"@type":"EntryPoint","urlTemplate":"https:\/\/www.emicom-mali.com\/web\/?s={search_term_string}"},"query-input":"required name=search_term_string"}],"inLanguage":"fr-FR"},{"@type":"Organization","@id":"https:\/\/www.emicom-mali.com\/web\/#organization","name":"EMICOM MALI","url":"https:\/\/www.emicom-mali.com\/web\/","logo":{"@type":"ImageObject","inLanguage":"fr-FR","@id":"https:\/\/www.emicom-mali.com\/web\/#\/schema\/logo\/image\/","url":"https:\/\/www.emicom-mali.com\/web\/wp-content\/uploads\/2016\/12\/logo-nom.png","contentUrl":"https:\/\/www.emicom-mali.com\/web\/wp-content\/uploads\/2016\/12\/logo-nom.png","width":172,"height":105,"caption":"EMICOM MALI"},"image":{"@id":"https:\/\/www.emicom-mali.com\/web\/#\/schema\/logo\/image\/"},"sameAs":["https:\/\/www.facebook.com\/Emicom-220426265073528"]}]}},"_links":{"self":[{"href":"https:\/\/www.emicom-mali.com\/web\/wp-json\/wp\/v2\/pages\/172"}],"collection":[{"href":"https:\/\/www.emicom-mali.com\/web\/wp-json\/wp\/v2\/pages"}],"about":[{"href":"https:\/\/www.emicom-mali.com\/web\/wp-json\/wp\/v2\/types\/page"}],"author":[{"embeddable":true,"href":"https:\/\/www.emicom-mali.com\/web\/wp-json\/wp\/v2\/users\/1"}],"replies":[{"embeddable":true,"href":"https:\/\/www.emicom-mali.com\/web\/wp-json\/wp\/v2\/comments?post=172"}],"version-history":[{"count":18,"href":"https:\/\/www.emicom-mali.com\/web\/wp-json\/wp\/v2\/pages\/172\/revisions"}],"predecessor-version":[{"id":811,"href":"https:\/\/www.emicom-mali.com\/web\/wp-json\/wp\/v2\/pages\/172\/revisions\/811"}],"wp:attachment":[{"href":"https:\/\/www.emicom-mali.com\/web\/wp-json\/wp\/v2\/media?parent=172"}],"curies":[{"name":"wp","href":"https:\/\/api.w.org\/{rel}","templated":true}]}}