{"id":660,"date":"2021-02-16T02:48:06","date_gmt":"2021-02-16T01:48:06","guid":{"rendered":"https:\/\/www.emicom-mali.com\/web\/?page_id=660"},"modified":"2021-11-04T05:05:43","modified_gmt":"2021-11-04T04:05:43","slug":"futurpump","status":"publish","type":"page","link":"https:\/\/www.emicom-mali.com\/web\/futurpump\/","title":{"rendered":"Futurpump"},"content":{"rendered":"<p>[vc_row][vc_column][vc_custom_heading text=\u00a0\u00bbDESCRIPTIF DU KIT D\u2019IRRIGATION SOLAIRE SF2 AMELIORE (SF2+SLX40)\u00a0\u00bb font_container=\u00a0\u00bbtag:h2|text_align:center\u00a0\u00bb use_theme_fonts=\u00a0\u00bbyes\u00a0\u00bb css_animation=\u00a0\u00bbfadeInUp\u00a0\u00bb][vc_column_text]<\/p>\n<ol>\n<li>\n<h3><strong>Br\u00e8ve description de l\u2019innovation. <\/strong><\/h3>\n<\/li>\n<\/ol>\n<p>Au Mali, la pratique courante pour l\u2019irrigation des parcelles mara\u00eech\u00e8res est l\u2019utilisation de calebasses, d\u2019arrosoirs et de groupes motopompes \u00e0 combustibles fossiles.<\/p>\n<p>Les producteurs maraichers sont confront\u00e9s non seulement \u00e0 la raret\u00e9 de la main d\u2019\u0153uvre mais aussi \u00e0 la p\u00e9nibilit\u00e9 li\u00e9e \u00e0 l\u2019arrosage avec les m\u00e9thodes traditionnelles. Ce qui a pour cons\u00e9quence la limitation des superficies emblav\u00e9es.<\/p>\n<p>Le kit d\u2019irrigation solaire SF2 am\u00e9lior\u00e9 est une innovation qui r\u00e9pond aux probl\u00e9matiques des petits agriculteurs. Il permet d\u2019irriguer les cultures sans efforts physiques et sans combustibles fossiles. Le kit combine une pompe de surface fonctionnant \u00e0 l\u2019\u00e9nergie solaire gr\u00e2ce \u00e0 ses panneaux photovolta\u00efques d\u2019une puissance de 120 watts coupl\u00e9 \u00e0 une pompe immerg\u00e9e fonctionnant par pression hydraulique \u00e0 l\u2019aide d\u2019un r\u00e9servoir d\u2019eau. Ce dispositif innovant permet \u00e0 son utilisateur de puiser l\u2019eau \u00e0 partir d\u2019un puis allant jusqu\u2019\u00e0 25 m\u00e8tres de profondeur.<\/p>\n<ol start=\"2\">\n<li>\n<h3><strong>Fonctionnement de l\u2019innovation Kit SF2 am\u00e9lior\u00e9. <\/strong><\/h3>\n<\/li>\n<\/ol>\n<p>Le kit est compos\u00e9 de plusieurs \u00e9quipements assurant une irrigation efficace d\u2019une superficie de \u00bd hectare en moyenne.<\/p>\n<p><a class=\"dt-pswp-item\" href=\"https:\/\/www.emicom-mali.com\/web\/wp-content\/uploads\/2021\/11\/Compositionn-kit-SF2.png\" data-dt-img-description=\"\" data-large_image_width=\"422\" data-large_image_height=\"300\"><img loading=\"lazy\" decoding=\"async\" class=\"size-medium wp-image-758 alignleft\" src=\"https:\/\/www.emicom-mali.com\/web\/wp-content\/uploads\/2021\/11\/Compositionn-kit-SF2-300x213.png\" alt=\"\" width=\"300\" height=\"213\" srcset=\"https:\/\/www.emicom-mali.com\/web\/wp-content\/uploads\/2021\/11\/Compositionn-kit-SF2-300x213.png 300w, https:\/\/www.emicom-mali.com\/web\/wp-content\/uploads\/2021\/11\/Compositionn-kit-SF2.png 422w\" sizes=\"(max-width: 300px) 100vw, 300px\" \/><\/a>Le kit SF2 am\u00e9lior\u00e9 propos\u00e9 par EMICOM comprend\u00a0:<\/p>\n<ul>\n<li>Une (1) pompe SF2<\/li>\n<li>Une (1) pompe SLX40<\/li>\n<li>Deux (2) panneaux solaires de 60 watts chacun<\/li>\n<li>Cinq (5) asperseurs<\/li>\n<li>Deux (2) Tuyau d\u2019arrosage de 30 m\u00e8tres chacun<\/li>\n<li>Des pi\u00e8ces de rechanges<\/li>\n<li>Un (1) trousseau d\u2019outils<\/li>\n<\/ul>\n<p>L\u2019installation et la mise en route du kit SF2 am\u00e9lior\u00e9 est tr\u00e8s simple. L\u2019utilisateur final n\u2019aura aucune difficult\u00e9 dans la maitrise du kit.<\/p>\n<p>L\u2019innovation Kit SF2 am\u00e9lior\u00e9 fonctionne avec la mise en r\u00e9seau de trois (3) principaux \u00e9quipements que sont La pompe SLX40, la pompe SF2 et le r\u00e9servoir de stockage d\u2019eau (voir image 2). Ces \u00e9quipements fonctionnent en circuit ferm\u00e9.<\/p>\n<p>La pompe SLX40 est plac\u00e9e dans un puits ou un forage \u00e0 une profondeur maximale de 25 m\u00e8tres. Sa partie aspiration (entr\u00e9e) est connect\u00e9e \u00e0 la partie refoulement de la pompe SF2, et la pompe SF2, qui reste en surface, est reli\u00e9e au r\u00e9servoir de stockage d\u2019eau par sa partie aspiration. La boucle est alors ferm\u00e9e par la liaison de la pompe SLX40 au r\u00e9servoir de stockage \u00e0 travers sa partie refoulement (sortie). Les diff\u00e9rents \u00e9quipements sont reli\u00e9s entre eux par des tuyaux en Poly\u00e9thyl\u00e8ne ou en PVC.<\/p>\n<p>L\u2019\u00e9nergie capt\u00e9 par les panneaux solaires alimente la pompe SF2 qui \u00e0 son tour transfert son \u00e9nergie \u00e0 la pompe SLX40 dans le puits. La pompe refoule ainsi jusqu\u2019\u00e0 2m3 d\u2019eau par heure dans le r\u00e9servoir de stockage d\u2019eau.<\/p>\n<p>Le producteur a ainsi la possibilit\u00e9 d\u2019irriguer sa parcelle en utilisant le syst\u00e8me d\u2019asperseurs ou de fa\u00e7on gravitaire avec les raccords d\u2019irrigation fournit dans le kit SF2 am\u00e9lior\u00e9.<\/p>\n<p><a class=\"dt-pswp-item\" href=\"https:\/\/www.emicom-mali.com\/web\/wp-content\/uploads\/2021\/11\/Fonctionnement-kit-SF2.png\" data-dt-img-description=\"\" data-large_image_width=\"885\" data-large_image_height=\"510\"><img loading=\"lazy\" decoding=\"async\" class=\"aligncenter size-medium wp-image-759\" src=\"https:\/\/www.emicom-mali.com\/web\/wp-content\/uploads\/2021\/11\/Fonctionnement-kit-SF2-300x173.png\" alt=\"\" width=\"300\" height=\"173\" srcset=\"https:\/\/www.emicom-mali.com\/web\/wp-content\/uploads\/2021\/11\/Fonctionnement-kit-SF2-300x173.png 300w, https:\/\/www.emicom-mali.com\/web\/wp-content\/uploads\/2021\/11\/Fonctionnement-kit-SF2-768x443.png 768w, https:\/\/www.emicom-mali.com\/web\/wp-content\/uploads\/2021\/11\/Fonctionnement-kit-SF2.png 885w\" sizes=\"(max-width: 300px) 100vw, 300px\" \/><\/a>En plus de sa performance technique, la garanti pi\u00e8ces et main d\u2019\u0153uvre, d\u2019une dur\u00e9e de 5 ans extensible \u00e0 10 ans t\u00e9moigne de la durabilit\u00e9 du kit d\u2019irrigation SF2 am\u00e9lior\u00e9.<\/p>\n<ol>\n<li>\n<h3><strong>Avantages sur la productivit\u00e9 et les revenus.<\/strong><\/h3>\n<\/li>\n<\/ol>\n<p>Le kit d\u2019irrigation SF2 am\u00e9lior\u00e9 permet aux producteurs d\u2019augmenter leurs superficies cultiv\u00e9es d\u2019une part et d\u2019autre part leur offre la possibilit\u00e9 de produire durant plusieurs campagnes agricoles dans l\u2019ann\u00e9e. Ainsi, les quantit\u00e9s disponibles de produits agricoles augmentent de fa\u00e7on significative.<\/p>\n<p>Sur le plan \u00e9conomique, l\u2019utilisateur du kit SF2 am\u00e9lior\u00e9 \u00e9vite les d\u00e9penses li\u00e9es \u00e0 l\u2019achat de carburant et \u00e0 la r\u00e9mun\u00e9ration des ouvriers agricoles pour l\u2019irrigation de ses cultures. Ce qui permet la r\u00e9duction des d\u00e9penses journali\u00e8res pour l\u2019irrigation de 3500 FCFA en moyenne pour une parcelle de \u00bd hectare.<\/p>\n<p>L\u2019utilisation de la pompe SF2 am\u00e9lior\u00e9 contribue \u00e0 L\u2019accroissement des revenus des producteurs \u00e0 travers l\u2019augmentation de la production, la r\u00e9duction du temps de travail et des co\u00fbts de production.[\/vc_column_text][\/vc_column][\/vc_row]<\/p>\n","protected":false},"excerpt":{"rendered":"<p>[vc_row][vc_column][vc_custom_heading text=\u00a0\u00bbDESCRIPTIF DU KIT D\u2019IRRIGATION SOLAIRE SF2 AMELIORE (SF2+SLX40)\u00a0\u00bb font_container=\u00a0\u00bbtag:h2|text_align:center\u00a0\u00bb use_theme_fonts=\u00a0\u00bbyes\u00a0\u00bb css_animation=\u00a0\u00bbfadeInUp\u00a0\u00bb][vc_column_text] Br\u00e8ve description de l\u2019innovation. Au Mali, la pratique courante pour l\u2019irrigation des parcelles mara\u00eech\u00e8res est l\u2019utilisation de calebasses, d\u2019arrosoirs et de groupes motopompes \u00e0 combustibles fossiles. Les producteurs maraichers sont confront\u00e9s non seulement \u00e0 la raret\u00e9 de la main d\u2019\u0153uvre mais aussi \u00e0&hellip;<\/p>\n","protected":false},"author":1,"featured_media":0,"parent":0,"menu_order":0,"comment_status":"closed","ping_status":"closed","template":"","meta":[],"yoast_head":"<!-- This site is optimized with the Yoast SEO plugin v23.0 - https:\/\/yoast.com\/wordpress\/plugins\/seo\/ -->\n<title>Futurpump - EMICOM MALI<\/title>\n<meta name=\"robots\" content=\"index, follow, max-snippet:-1, max-image-preview:large, max-video-preview:-1\" \/>\n<link rel=\"canonical\" href=\"https:\/\/www.emicom-mali.com\/web\/futurpump\/\" \/>\n<meta property=\"og:locale\" content=\"fr_FR\" \/>\n<meta property=\"og:type\" content=\"article\" \/>\n<meta property=\"og:title\" content=\"Futurpump - EMICOM MALI\" \/>\n<meta property=\"og:description\" content=\"[vc_row][vc_column][vc_custom_heading text=\u00a0\u00bbDESCRIPTIF DU KIT D\u2019IRRIGATION SOLAIRE SF2 AMELIORE (SF2+SLX40)\u00a0\u00bb font_container=\u00a0\u00bbtag:h2|text_align:center\u00a0\u00bb use_theme_fonts=\u00a0\u00bbyes\u00a0\u00bb css_animation=\u00a0\u00bbfadeInUp\u00a0\u00bb][vc_column_text] Br\u00e8ve description de l\u2019innovation. Au Mali, la pratique courante pour l\u2019irrigation des parcelles mara\u00eech\u00e8res est l\u2019utilisation de calebasses, d\u2019arrosoirs et de groupes motopompes \u00e0 combustibles fossiles. Les producteurs maraichers sont confront\u00e9s non seulement \u00e0 la raret\u00e9 de la main d\u2019\u0153uvre mais aussi \u00e0&hellip;\" \/>\n<meta property=\"og:url\" content=\"https:\/\/www.emicom-mali.com\/web\/futurpump\/\" \/>\n<meta property=\"og:site_name\" content=\"EMICOM MALI\" \/>\n<meta property=\"article:publisher\" content=\"https:\/\/www.facebook.com\/Emicom-220426265073528\" \/>\n<meta property=\"article:modified_time\" content=\"2021-11-04T04:05:43+00:00\" \/>\n<meta property=\"og:image\" content=\"https:\/\/www.emicom-mali.com\/web\/wp-content\/uploads\/2021\/11\/Compositionn-kit-SF2-300x213.png\" \/>\n<meta name=\"twitter:card\" content=\"summary_large_image\" \/>\n<meta name=\"twitter:label1\" content=\"Dur\u00e9e de lecture estim\u00e9e\" \/>\n\t<meta name=\"twitter:data1\" content=\"4 minutes\" \/>\n<script type=\"application\/ld+json\" class=\"yoast-schema-graph\">{\"@context\":\"https:\/\/schema.org\",\"@graph\":[{\"@type\":\"WebPage\",\"@id\":\"https:\/\/www.emicom-mali.com\/web\/futurpump\/\",\"url\":\"https:\/\/www.emicom-mali.com\/web\/futurpump\/\",\"name\":\"Futurpump - EMICOM MALI\",\"isPartOf\":{\"@id\":\"https:\/\/www.emicom-mali.com\/web\/#website\"},\"primaryImageOfPage\":{\"@id\":\"https:\/\/www.emicom-mali.com\/web\/futurpump\/#primaryimage\"},\"image\":{\"@id\":\"https:\/\/www.emicom-mali.com\/web\/futurpump\/#primaryimage\"},\"thumbnailUrl\":\"https:\/\/www.emicom-mali.com\/web\/wp-content\/uploads\/2021\/11\/Compositionn-kit-SF2-300x213.png\",\"datePublished\":\"2021-02-16T01:48:06+00:00\",\"dateModified\":\"2021-11-04T04:05:43+00:00\",\"breadcrumb\":{\"@id\":\"https:\/\/www.emicom-mali.com\/web\/futurpump\/#breadcrumb\"},\"inLanguage\":\"fr-FR\",\"potentialAction\":[{\"@type\":\"ReadAction\",\"target\":[\"https:\/\/www.emicom-mali.com\/web\/futurpump\/\"]}]},{\"@type\":\"ImageObject\",\"inLanguage\":\"fr-FR\",\"@id\":\"https:\/\/www.emicom-mali.com\/web\/futurpump\/#primaryimage\",\"url\":\"https:\/\/www.emicom-mali.com\/web\/wp-content\/uploads\/2021\/11\/Compositionn-kit-SF2.png\",\"contentUrl\":\"https:\/\/www.emicom-mali.com\/web\/wp-content\/uploads\/2021\/11\/Compositionn-kit-SF2.png\",\"width\":422,\"height\":300},{\"@type\":\"BreadcrumbList\",\"@id\":\"https:\/\/www.emicom-mali.com\/web\/futurpump\/#breadcrumb\",\"itemListElement\":[{\"@type\":\"ListItem\",\"position\":1,\"name\":\"Accueil\",\"item\":\"https:\/\/www.emicom-mali.com\/web\/\"},{\"@type\":\"ListItem\",\"position\":2,\"name\":\"Futurpump\"}]},{\"@type\":\"WebSite\",\"@id\":\"https:\/\/www.emicom-mali.com\/web\/#website\",\"url\":\"https:\/\/www.emicom-mali.com\/web\/\",\"name\":\"EMICOM MALI\",\"description\":\"En plus nous capturons le soleil\",\"publisher\":{\"@id\":\"https:\/\/www.emicom-mali.com\/web\/#organization\"},\"potentialAction\":[{\"@type\":\"SearchAction\",\"target\":{\"@type\":\"EntryPoint\",\"urlTemplate\":\"https:\/\/www.emicom-mali.com\/web\/?s={search_term_string}\"},\"query-input\":\"required name=search_term_string\"}],\"inLanguage\":\"fr-FR\"},{\"@type\":\"Organization\",\"@id\":\"https:\/\/www.emicom-mali.com\/web\/#organization\",\"name\":\"EMICOM MALI\",\"url\":\"https:\/\/www.emicom-mali.com\/web\/\",\"logo\":{\"@type\":\"ImageObject\",\"inLanguage\":\"fr-FR\",\"@id\":\"https:\/\/www.emicom-mali.com\/web\/#\/schema\/logo\/image\/\",\"url\":\"https:\/\/www.emicom-mali.com\/web\/wp-content\/uploads\/2016\/12\/logo-nom.png\",\"contentUrl\":\"https:\/\/www.emicom-mali.com\/web\/wp-content\/uploads\/2016\/12\/logo-nom.png\",\"width\":172,\"height\":105,\"caption\":\"EMICOM MALI\"},\"image\":{\"@id\":\"https:\/\/www.emicom-mali.com\/web\/#\/schema\/logo\/image\/\"},\"sameAs\":[\"https:\/\/www.facebook.com\/Emicom-220426265073528\"]}]}<\/script>\n<!-- \/ Yoast SEO plugin. -->","yoast_head_json":{"title":"Futurpump - EMICOM MALI","robots":{"index":"index","follow":"follow","max-snippet":"max-snippet:-1","max-image-preview":"max-image-preview:large","max-video-preview":"max-video-preview:-1"},"canonical":"https:\/\/www.emicom-mali.com\/web\/futurpump\/","og_locale":"fr_FR","og_type":"article","og_title":"Futurpump - EMICOM MALI","og_description":"[vc_row][vc_column][vc_custom_heading text=\u00a0\u00bbDESCRIPTIF DU KIT D\u2019IRRIGATION SOLAIRE SF2 AMELIORE (SF2+SLX40)\u00a0\u00bb font_container=\u00a0\u00bbtag:h2|text_align:center\u00a0\u00bb use_theme_fonts=\u00a0\u00bbyes\u00a0\u00bb css_animation=\u00a0\u00bbfadeInUp\u00a0\u00bb][vc_column_text] Br\u00e8ve description de l\u2019innovation. Au Mali, la pratique courante pour l\u2019irrigation des parcelles mara\u00eech\u00e8res est l\u2019utilisation de calebasses, d\u2019arrosoirs et de groupes motopompes \u00e0 combustibles fossiles. Les producteurs maraichers sont confront\u00e9s non seulement \u00e0 la raret\u00e9 de la main d\u2019\u0153uvre mais aussi \u00e0&hellip;","og_url":"https:\/\/www.emicom-mali.com\/web\/futurpump\/","og_site_name":"EMICOM MALI","article_publisher":"https:\/\/www.facebook.com\/Emicom-220426265073528","article_modified_time":"2021-11-04T04:05:43+00:00","og_image":[{"url":"https:\/\/www.emicom-mali.com\/web\/wp-content\/uploads\/2021\/11\/Compositionn-kit-SF2-300x213.png"}],"twitter_card":"summary_large_image","twitter_misc":{"Dur\u00e9e de lecture estim\u00e9e":"4 minutes"},"schema":{"@context":"https:\/\/schema.org","@graph":[{"@type":"WebPage","@id":"https:\/\/www.emicom-mali.com\/web\/futurpump\/","url":"https:\/\/www.emicom-mali.com\/web\/futurpump\/","name":"Futurpump - EMICOM MALI","isPartOf":{"@id":"https:\/\/www.emicom-mali.com\/web\/#website"},"primaryImageOfPage":{"@id":"https:\/\/www.emicom-mali.com\/web\/futurpump\/#primaryimage"},"image":{"@id":"https:\/\/www.emicom-mali.com\/web\/futurpump\/#primaryimage"},"thumbnailUrl":"https:\/\/www.emicom-mali.com\/web\/wp-content\/uploads\/2021\/11\/Compositionn-kit-SF2-300x213.png","datePublished":"2021-02-16T01:48:06+00:00","dateModified":"2021-11-04T04:05:43+00:00","breadcrumb":{"@id":"https:\/\/www.emicom-mali.com\/web\/futurpump\/#breadcrumb"},"inLanguage":"fr-FR","potentialAction":[{"@type":"ReadAction","target":["https:\/\/www.emicom-mali.com\/web\/futurpump\/"]}]},{"@type":"ImageObject","inLanguage":"fr-FR","@id":"https:\/\/www.emicom-mali.com\/web\/futurpump\/#primaryimage","url":"https:\/\/www.emicom-mali.com\/web\/wp-content\/uploads\/2021\/11\/Compositionn-kit-SF2.png","contentUrl":"https:\/\/www.emicom-mali.com\/web\/wp-content\/uploads\/2021\/11\/Compositionn-kit-SF2.png","width":422,"height":300},{"@type":"BreadcrumbList","@id":"https:\/\/www.emicom-mali.com\/web\/futurpump\/#breadcrumb","itemListElement":[{"@type":"ListItem","position":1,"name":"Accueil","item":"https:\/\/www.emicom-mali.com\/web\/"},{"@type":"ListItem","position":2,"name":"Futurpump"}]},{"@type":"WebSite","@id":"https:\/\/www.emicom-mali.com\/web\/#website","url":"https:\/\/www.emicom-mali.com\/web\/","name":"EMICOM MALI","description":"En plus nous capturons le soleil","publisher":{"@id":"https:\/\/www.emicom-mali.com\/web\/#organization"},"potentialAction":[{"@type":"SearchAction","target":{"@type":"EntryPoint","urlTemplate":"https:\/\/www.emicom-mali.com\/web\/?s={search_term_string}"},"query-input":"required name=search_term_string"}],"inLanguage":"fr-FR"},{"@type":"Organization","@id":"https:\/\/www.emicom-mali.com\/web\/#organization","name":"EMICOM MALI","url":"https:\/\/www.emicom-mali.com\/web\/","logo":{"@type":"ImageObject","inLanguage":"fr-FR","@id":"https:\/\/www.emicom-mali.com\/web\/#\/schema\/logo\/image\/","url":"https:\/\/www.emicom-mali.com\/web\/wp-content\/uploads\/2016\/12\/logo-nom.png","contentUrl":"https:\/\/www.emicom-mali.com\/web\/wp-content\/uploads\/2016\/12\/logo-nom.png","width":172,"height":105,"caption":"EMICOM MALI"},"image":{"@id":"https:\/\/www.emicom-mali.com\/web\/#\/schema\/logo\/image\/"},"sameAs":["https:\/\/www.facebook.com\/Emicom-220426265073528"]}]}},"_links":{"self":[{"href":"https:\/\/www.emicom-mali.com\/web\/wp-json\/wp\/v2\/pages\/660"}],"collection":[{"href":"https:\/\/www.emicom-mali.com\/web\/wp-json\/wp\/v2\/pages"}],"about":[{"href":"https:\/\/www.emicom-mali.com\/web\/wp-json\/wp\/v2\/types\/page"}],"author":[{"embeddable":true,"href":"https:\/\/www.emicom-mali.com\/web\/wp-json\/wp\/v2\/users\/1"}],"replies":[{"embeddable":true,"href":"https:\/\/www.emicom-mali.com\/web\/wp-json\/wp\/v2\/comments?post=660"}],"version-history":[{"count":5,"href":"https:\/\/www.emicom-mali.com\/web\/wp-json\/wp\/v2\/pages\/660\/revisions"}],"predecessor-version":[{"id":760,"href":"https:\/\/www.emicom-mali.com\/web\/wp-json\/wp\/v2\/pages\/660\/revisions\/760"}],"wp:attachment":[{"href":"https:\/\/www.emicom-mali.com\/web\/wp-json\/wp\/v2\/media?parent=660"}],"curies":[{"name":"wp","href":"https:\/\/api.w.org\/{rel}","templated":true}]}}